{"id":34710,"date":"2025-10-06T19:00:00","date_gmt":"2025-10-06T22:00:00","guid":{"rendered":"https:\/\/bdmax.com.ar\/energia-solar\/?post_type=product&#038;p=34710"},"modified":"2025-10-06T19:00:00","modified_gmt":"2025-10-06T22:00:00","slug":"shinemaster","status":"publish","type":"product","link":"https:\/\/bdmax.com.ar\/energia-solar\/product\/shinemaster\/","title":{"rendered":"ShineMaster"},"content":{"rendered":"<h5>Inteligente y potente<\/h5>\n<p>&#8211; Compatible con comunicaci\u00f3n RS485, Ethernet y 4G<\/p>\n<p>&#8211; Conexi\u00f3n de hasta 64 inversores<\/p>\n<h5>Sencillo y eficiente<\/h5>\n<p>&#8211; Servidor web local para facilitar la configuraci\u00f3n<\/p>\n<p>&#8211; Multifunci\u00f3n y alta eficiencia<\/p>\n<p>&nbsp;<\/p>\n","protected":false},"excerpt":{"rendered":"<p>Inteligente y potente &#8211; Compatible con comunicaci\u00f3n RS485, Ethernet y 4G &#8211; Conexi\u00f3n de hasta 64 inversores Sencillo y eficiente &#8211; Servidor web local para facilitar la configuraci\u00f3n &#8211; Multifunci\u00f3n y alta eficiencia &nbsp;<\/p>\n","protected":false},"featured_media":34712,"template":"","meta":{"_acf_changed":false,"rs_blank_template":"","rs_page_bg_color":"","slide_template_v7":""},"product_brand":[],"product_cat":[45,87],"product_tag":[],"class_list":{"0":"post-34710","1":"product","2":"type-product","3":"status-publish","4":"has-post-thumbnail","6":"product_cat-gestion-inteligente-de-la-energia","7":"product_cat-monitorizacion","9":"first","10":"instock","11":"taxable","12":"shipping-taxable","13":"product-type-simple"},"acf":[],"_links":{"self":[{"href":"https:\/\/bdmax.com.ar\/energia-solar\/wp-json\/wp\/v2\/product\/34710","targetHints":{"allow":["GET"]}}],"collection":[{"href":"https:\/\/bdmax.com.ar\/energia-solar\/wp-json\/wp\/v2\/product"}],"about":[{"href":"https:\/\/bdmax.com.ar\/energia-solar\/wp-json\/wp\/v2\/types\/product"}],"wp:featuredmedia":[{"embeddable":true,"href":"https:\/\/bdmax.com.ar\/energia-solar\/wp-json\/wp\/v2\/media\/34712"}],"wp:attachment":[{"href":"https:\/\/bdmax.com.ar\/energia-solar\/wp-json\/wp\/v2\/media?parent=34710"}],"wp:term":[{"taxonomy":"product_brand","embeddable":true,"href":"https:\/\/bdmax.com.ar\/energia-solar\/wp-json\/wp\/v2\/product_brand?post=34710"},{"taxonomy":"product_cat","embeddable":true,"href":"https:\/\/bdmax.com.ar\/energia-solar\/wp-json\/wp\/v2\/product_cat?post=34710"},{"taxonomy":"product_tag","embeddable":true,"href":"https:\/\/bdmax.com.ar\/energia-solar\/wp-json\/wp\/v2\/product_tag?post=34710"}],"curies":[{"name":"wp","href":"https:\/\/api.w.org\/{rel}","templated":true}]}}