{"id":34643,"date":"2025-09-26T17:57:15","date_gmt":"2025-09-26T20:57:15","guid":{"rendered":"https:\/\/bdmax.com.ar\/energia-solar\/?post_type=product&#038;p=34643"},"modified":"2025-09-26T18:37:01","modified_gmt":"2025-09-26T21:37:01","slug":"mid-11-30ktl3-xh","status":"publish","type":"product","link":"https:\/\/bdmax.com.ar\/energia-solar\/product\/mid-11-30ktl3-xh\/","title":{"rendered":"MID 11-30KTL3-XH"},"content":{"rendered":"<h5>F\u00e1cil y de uso intutivo<\/h5>\n<p>&#8211; Preparado para las bater\u00edas del futuro<\/p>\n<p>&#8211; Bot\u00f3n t\u00e1ctil y pantalla OLED<\/p>\n<h5>Altos rendimientos<\/h5>\n<p>&#8211; MPPT doble \/ triple<\/p>\n<p>&#8211; Eficiencia m\u00e1x. del 98.5\u00a0%<\/p>\n<p>&#8211; Relaci\u00f3n CC\/CA de hasta 2.0<\/p>\n<h5>Seguridad y fiabilidad<\/h5>\n<p>&#8211; SPD (Dispositivo de protecci\u00f3n contra sobretensiones) de tipo II en los lados CA&amp;CC<\/p>\n<p>&#8211; Compatible con la limitaci\u00f3n de exportaci\u00f3n<\/p>\n<p>&#8211; Funci\u00f3n AFCI<\/p>\n<p>&nbsp;<\/p>\n","protected":false},"excerpt":{"rendered":"<p>F\u00e1cil y de uso intutivo &#8211; Preparado para las bater\u00edas del futuro &#8211; Bot\u00f3n t\u00e1ctil y pantalla OLED Altos rendimientos &#8211; MPPT doble \/ triple &#8211; Eficiencia m\u00e1x. del 98.5\u00a0% &#8211; Relaci\u00f3n CC\/CA de hasta 2.0 Seguridad y fiabilidad &#8211; SPD (Dispositivo de protecci\u00f3n contra sobretensiones) de tipo II en los lados CA&amp;CC &#8211; Compatible [&hellip;]<\/p>\n","protected":false},"featured_media":34645,"template":"","meta":{"_acf_changed":false,"rs_blank_template":"","rs_page_bg_color":"","slide_template_v7":""},"product_brand":[],"product_cat":[79,32],"product_tag":[],"class_list":{"0":"post-34643","1":"product","2":"type-product","3":"status-publish","4":"has-post-thumbnail","6":"product_cat-inversor-battery-ready","7":"product_cat-inversor-para-almacenamiento","9":"first","10":"instock","11":"taxable","12":"shipping-taxable","13":"product-type-simple"},"acf":[],"_links":{"self":[{"href":"https:\/\/bdmax.com.ar\/energia-solar\/wp-json\/wp\/v2\/product\/34643","targetHints":{"allow":["GET"]}}],"collection":[{"href":"https:\/\/bdmax.com.ar\/energia-solar\/wp-json\/wp\/v2\/product"}],"about":[{"href":"https:\/\/bdmax.com.ar\/energia-solar\/wp-json\/wp\/v2\/types\/product"}],"wp:featuredmedia":[{"embeddable":true,"href":"https:\/\/bdmax.com.ar\/energia-solar\/wp-json\/wp\/v2\/media\/34645"}],"wp:attachment":[{"href":"https:\/\/bdmax.com.ar\/energia-solar\/wp-json\/wp\/v2\/media?parent=34643"}],"wp:term":[{"taxonomy":"product_brand","embeddable":true,"href":"https:\/\/bdmax.com.ar\/energia-solar\/wp-json\/wp\/v2\/product_brand?post=34643"},{"taxonomy":"product_cat","embeddable":true,"href":"https:\/\/bdmax.com.ar\/energia-solar\/wp-json\/wp\/v2\/product_cat?post=34643"},{"taxonomy":"product_tag","embeddable":true,"href":"https:\/\/bdmax.com.ar\/energia-solar\/wp-json\/wp\/v2\/product_tag?post=34643"}],"curies":[{"name":"wp","href":"https:\/\/api.w.org\/{rel}","templated":true}]}}