{"id":34622,"date":"2025-09-26T16:51:49","date_gmt":"2025-09-26T19:51:49","guid":{"rendered":"https:\/\/bdmax.com.ar\/energia-solar\/?post_type=product&#038;p=34622"},"modified":"2025-09-26T18:39:40","modified_gmt":"2025-09-26T21:39:40","slug":"mod-3-15ktl3-xxh","status":"publish","type":"product","link":"https:\/\/bdmax.com.ar\/energia-solar\/product\/mod-3-15ktl3-xxh\/","title":{"rendered":"MOD 3-15KTL3-XXH"},"content":{"rendered":"<h5>F\u00e1cil y de uso intutivo<\/h5>\n<p>&#8211; Preparado para las bater\u00edas del futuro<\/p>\n<p>&#8211; Bot\u00f3n t\u00e1ctil y pantalla OLED<\/p>\n<h5>Altos rendimientos<\/h5>\n<p>&#8211; Eficiencia m\u00e1x. del 98,6\u00a0%<\/p>\n<p>&#8211; MPPT dobles<\/p>\n<p>&#8211; Relaci\u00f3n CC\/CA de hasta 2,0<\/p>\n<h5>Seguridad y fiabilidad<\/h5>\n<p>&#8211; SPD (Dispositivo de protecci\u00f3n contra sobretensiones) de tipo II en los lados CA&amp;CC<\/p>\n<p>&#8211; Compatible con la limitaci\u00f3n de exportaci\u00f3n<\/p>\n<p>&#8211; Funci\u00f3n AFCI<\/p>\n","protected":false},"excerpt":{"rendered":"<p>F\u00e1cil y de uso intutivo &#8211; Preparado para las bater\u00edas del futuro &#8211; Bot\u00f3n t\u00e1ctil y pantalla OLED Altos rendimientos &#8211; Eficiencia m\u00e1x. del 98,6\u00a0% &#8211; MPPT dobles &#8211; Relaci\u00f3n CC\/CA de hasta 2,0 Seguridad y fiabilidad &#8211; SPD (Dispositivo de protecci\u00f3n contra sobretensiones) de tipo II en los lados CA&amp;CC &#8211; Compatible con la [&hellip;]<\/p>\n","protected":false},"featured_media":34623,"template":"","meta":{"_acf_changed":false,"rs_blank_template":"","rs_page_bg_color":"","slide_template_v7":""},"product_brand":[],"product_cat":[94,31],"product_tag":[],"class_list":{"0":"post-34622","1":"product","2":"type-product","3":"status-publish","4":"has-post-thumbnail","6":"product_cat-inversor-fv-conectado-a-la-red","7":"product_cat-inversor-fv-residencial","9":"first","10":"instock","11":"taxable","12":"shipping-taxable","13":"product-type-simple"},"acf":[],"_links":{"self":[{"href":"https:\/\/bdmax.com.ar\/energia-solar\/wp-json\/wp\/v2\/product\/34622","targetHints":{"allow":["GET"]}}],"collection":[{"href":"https:\/\/bdmax.com.ar\/energia-solar\/wp-json\/wp\/v2\/product"}],"about":[{"href":"https:\/\/bdmax.com.ar\/energia-solar\/wp-json\/wp\/v2\/types\/product"}],"wp:featuredmedia":[{"embeddable":true,"href":"https:\/\/bdmax.com.ar\/energia-solar\/wp-json\/wp\/v2\/media\/34623"}],"wp:attachment":[{"href":"https:\/\/bdmax.com.ar\/energia-solar\/wp-json\/wp\/v2\/media?parent=34622"}],"wp:term":[{"taxonomy":"product_brand","embeddable":true,"href":"https:\/\/bdmax.com.ar\/energia-solar\/wp-json\/wp\/v2\/product_brand?post=34622"},{"taxonomy":"product_cat","embeddable":true,"href":"https:\/\/bdmax.com.ar\/energia-solar\/wp-json\/wp\/v2\/product_cat?post=34622"},{"taxonomy":"product_tag","embeddable":true,"href":"https:\/\/bdmax.com.ar\/energia-solar\/wp-json\/wp\/v2\/product_tag?post=34622"}],"curies":[{"name":"wp","href":"https:\/\/api.w.org\/{rel}","templated":true}]}}