{"id":34618,"date":"2025-09-26T00:19:42","date_gmt":"2025-09-26T03:19:42","guid":{"rendered":"https:\/\/bdmax.com.ar\/energia-solar\/?post_type=product&#038;p=34618"},"modified":"2025-09-26T18:39:57","modified_gmt":"2025-09-26T21:39:57","slug":"min-2500-6000tl-x-xh","status":"publish","type":"product","link":"https:\/\/bdmax.com.ar\/energia-solar\/product\/min-2500-6000tl-x-xh\/","title":{"rendered":"MIN 2500-6000TL-X\/XH"},"content":{"rendered":"<h6>Seguridad y fiabilidad<\/h6>\n<p>&#8211; SPD (Dispositivo de protecci\u00f3n contra sobretensiones) de tipo II en el lado de la CC<\/p>\n<p>&#8211; Funci\u00f3n AFCI<\/p>\n<h6>Altos rendimientos<\/h6>\n<p>&#8211; Eficiencia m\u00e1x. del 98,4\u00a0%<\/p>\n<p>&#8211; Rastreadores de PMP doble<\/p>\n<p>&#8211; Amplia gama de tensiones de seguimiento del punto de m\u00e1xima potencia (MPPT)<\/p>\n<h6>Uso intuitivo<\/h6>\n<p>&#8211; Preparado para las bater\u00edas del futuro<\/p>\n<p>&#8211; Bot\u00f3n t\u00e1ctil y pantalla OLED<\/p>\n<p>&#8211; Dise\u00f1o compacto f\u00e1cil de instalar por una sola persona<\/p>\n<p>&nbsp;<\/p>\n<div class=\"bt bta aos-init aos-animate\" data-aos=\"fade-up\">\n<p>Preparado para las bater\u00edas, listo para el futuro<\/p>\n<\/div>\n<div class=\"cpnc_a aos-init aos-animate\" data-aos=\"fade-up\">\n<p>La serie XH es el \u00faltimo inversor conectado a red residencial inteligente, con una alta capacidad de adaptaci\u00f3n. Gracias a la interfaz de la bater\u00eda, es f\u00e1cilmente ampliable a un futuro sistema de almacenamiento sin necesidad de dispositivos adicionales o costes de reacondicionamiento; tambi\u00e9n soporta 2 veces la potencia de salida.<\/p>\n<\/div>\n","protected":false},"excerpt":{"rendered":"<p>Seguridad y fiabilidad &#8211; SPD (Dispositivo de protecci\u00f3n contra sobretensiones) de tipo II en el lado de la CC &#8211; Funci\u00f3n AFCI Altos rendimientos &#8211; Eficiencia m\u00e1x. del 98,4\u00a0% &#8211; Rastreadores de PMP doble &#8211; Amplia gama de tensiones de seguimiento del punto de m\u00e1xima potencia (MPPT) Uso intuitivo &#8211; Preparado para las bater\u00edas del [&hellip;]<\/p>\n","protected":false},"featured_media":34620,"template":"","meta":{"_acf_changed":false,"rs_blank_template":"","rs_page_bg_color":"","slide_template_v7":""},"product_brand":[],"product_cat":[94,31],"product_tag":[],"class_list":{"0":"post-34618","1":"product","2":"type-product","3":"status-publish","4":"has-post-thumbnail","6":"product_cat-inversor-fv-conectado-a-la-red","7":"product_cat-inversor-fv-residencial","9":"first","10":"instock","11":"taxable","12":"shipping-taxable","13":"product-type-simple"},"acf":[],"_links":{"self":[{"href":"https:\/\/bdmax.com.ar\/energia-solar\/wp-json\/wp\/v2\/product\/34618","targetHints":{"allow":["GET"]}}],"collection":[{"href":"https:\/\/bdmax.com.ar\/energia-solar\/wp-json\/wp\/v2\/product"}],"about":[{"href":"https:\/\/bdmax.com.ar\/energia-solar\/wp-json\/wp\/v2\/types\/product"}],"wp:featuredmedia":[{"embeddable":true,"href":"https:\/\/bdmax.com.ar\/energia-solar\/wp-json\/wp\/v2\/media\/34620"}],"wp:attachment":[{"href":"https:\/\/bdmax.com.ar\/energia-solar\/wp-json\/wp\/v2\/media?parent=34618"}],"wp:term":[{"taxonomy":"product_brand","embeddable":true,"href":"https:\/\/bdmax.com.ar\/energia-solar\/wp-json\/wp\/v2\/product_brand?post=34618"},{"taxonomy":"product_cat","embeddable":true,"href":"https:\/\/bdmax.com.ar\/energia-solar\/wp-json\/wp\/v2\/product_cat?post=34618"},{"taxonomy":"product_tag","embeddable":true,"href":"https:\/\/bdmax.com.ar\/energia-solar\/wp-json\/wp\/v2\/product_tag?post=34618"}],"curies":[{"name":"wp","href":"https:\/\/api.w.org\/{rel}","templated":true}]}}