{"id":31802,"date":"2024-12-17T09:40:44","date_gmt":"2024-12-17T09:40:44","guid":{"rendered":"https:\/\/demo.casethemes.net\/sungo\/product\/black-shoes-copy\/"},"modified":"2025-09-26T18:41:44","modified_gmt":"2025-09-26T21:41:44","slug":"iphone-15-pro-max-128gb","status":"publish","type":"product","link":"https:\/\/bdmax.com.ar\/energia-solar\/product\/iphone-15-pro-max-128gb\/","title":{"rendered":"MIC 750-3300TL-X"},"content":{"rendered":"<h5>Uso intuitivo<\/h5>\n<p>&#8211; Dise\u00f1o compacto f\u00e1cil de instalar por una sola persona<\/p>\n<p>&#8211; Bot\u00f3n t\u00e1ctil y pantalla OLED<\/p>\n<h5>Altos rendimientos<\/h5>\n<p>&#8211; Eficiencia m\u00e1xima del 97,6\u00a0%.<\/p>\n<p>&#8211; Amplia gama de tensiones de seguimiento del punto de m\u00e1xima potencia (MPPT)<\/p>\n<h5>Seguridad y fiabilidad<\/h5>\n<p>&#8211; Funci\u00f3n AFCI opcional<\/p>\n","protected":false},"excerpt":{"rendered":"<p>Uso intuitivo &#8211; Dise\u00f1o compacto f\u00e1cil de instalar por una sola persona &#8211; Bot\u00f3n t\u00e1ctil y pantalla OLED Altos rendimientos &#8211; Eficiencia m\u00e1xima del 97,6\u00a0%. &#8211; Amplia gama de tensiones de seguimiento del punto de m\u00e1xima potencia (MPPT) Seguridad y fiabilidad &#8211; Funci\u00f3n AFCI opcional<\/p>\n","protected":false},"featured_media":34596,"template":"","meta":{"_acf_changed":false,"rs_blank_template":"","rs_page_bg_color":"","slide_template_v7":""},"product_brand":[],"product_cat":[94,31],"product_tag":[],"class_list":{"0":"post-31802","1":"product","2":"type-product","3":"status-publish","4":"has-post-thumbnail","6":"product_cat-inversor-fv-conectado-a-la-red","7":"product_cat-inversor-fv-residencial","9":"first","10":"instock","11":"taxable","12":"shipping-taxable","13":"product-type-simple"},"acf":[],"_links":{"self":[{"href":"https:\/\/bdmax.com.ar\/energia-solar\/wp-json\/wp\/v2\/product\/31802","targetHints":{"allow":["GET"]}}],"collection":[{"href":"https:\/\/bdmax.com.ar\/energia-solar\/wp-json\/wp\/v2\/product"}],"about":[{"href":"https:\/\/bdmax.com.ar\/energia-solar\/wp-json\/wp\/v2\/types\/product"}],"wp:featuredmedia":[{"embeddable":true,"href":"https:\/\/bdmax.com.ar\/energia-solar\/wp-json\/wp\/v2\/media\/34596"}],"wp:attachment":[{"href":"https:\/\/bdmax.com.ar\/energia-solar\/wp-json\/wp\/v2\/media?parent=31802"}],"wp:term":[{"taxonomy":"product_brand","embeddable":true,"href":"https:\/\/bdmax.com.ar\/energia-solar\/wp-json\/wp\/v2\/product_brand?post=31802"},{"taxonomy":"product_cat","embeddable":true,"href":"https:\/\/bdmax.com.ar\/energia-solar\/wp-json\/wp\/v2\/product_cat?post=31802"},{"taxonomy":"product_tag","embeddable":true,"href":"https:\/\/bdmax.com.ar\/energia-solar\/wp-json\/wp\/v2\/product_tag?post=31802"}],"curies":[{"name":"wp","href":"https:\/\/api.w.org\/{rel}","templated":true}]}}